{"id":1036,"date":"2019-03-25T13:23:08","date_gmt":"2019-03-25T13:23:08","guid":{"rendered":"http:\/\/ute-rieder.de\/?page_id=1036"},"modified":"2025-03-03T17:18:19","modified_gmt":"2025-03-03T16:18:19","slug":"galerie-werke-bis-1990","status":"publish","type":"page","link":"https:\/\/ute-rieder.de\/?page_id=1036","title":{"rendered":"Galerie 4"},"content":{"rendered":"\n<p>In dieser Galerie finden Sie Werke bis zum Jahr 1990. Ein Gro\u00dfteil meiner Arbeiten und Bilder ist nicht mehr in meinem Besitz, Fotos der Werke wurden fast nie gefertigt. Diese R\u00fcckschau ist also leider nicht umf\u00e4nglich, ich hoffe Sie bekommen dennoch einen kleinen Eindruck \u00fcber meine Werke und mein Wirken.<\/p>\n\n\n\nngg_shortcode_0_placeholder\n\n\n\n<p><\/p>\n<h3>Related Images:<\/h3><p>Views: 91<\/p>","protected":false},"excerpt":{"rendered":"<p>In dieser Galerie finden Sie Werke bis zum Jahr 1990. Ein Gro\u00dfteil meiner Arbeiten und Bilder ist nicht mehr in meinem Besitz, Fotos der Werke wurden fast nie gefertigt. Diese R\u00fcckschau ist also leider nicht umf\u00e4nglich, ich hoffe Sie bekommen dennoch einen kleinen Eindruck \u00fcber meine Werke und mein Wirken. Related Images: Views: 91<\/p>\n","protected":false},"author":1,"featured_media":0,"parent":0,"menu_order":7,"comment_status":"closed","ping_status":"closed","template":"","meta":{"ngg_post_thumbnail":0,"footnotes":""},"class_list":["post-1036","page","type-page","status-publish","hentry"],"_links":{"self":[{"href":"https:\/\/ute-rieder.de\/index.php?rest_route=\/wp\/v2\/pages\/1036","targetHints":{"allow":["GET"]}}],"collection":[{"href":"https:\/\/ute-rieder.de\/index.php?rest_route=\/wp\/v2\/pages"}],"about":[{"href":"https:\/\/ute-rieder.de\/index.php?rest_route=\/wp\/v2\/types\/page"}],"author":[{"embeddable":true,"href":"https:\/\/ute-rieder.de\/index.php?rest_route=\/wp\/v2\/users\/1"}],"replies":[{"embeddable":true,"href":"https:\/\/ute-rieder.de\/index.php?rest_route=%2Fwp%2Fv2%2Fcomments&post=1036"}],"version-history":[{"count":9,"href":"https:\/\/ute-rieder.de\/index.php?rest_route=\/wp\/v2\/pages\/1036\/revisions"}],"predecessor-version":[{"id":1855,"href":"https:\/\/ute-rieder.de\/index.php?rest_route=\/wp\/v2\/pages\/1036\/revisions\/1855"}],"wp:attachment":[{"href":"https:\/\/ute-rieder.de\/index.php?rest_route=%2Fwp%2Fv2%2Fmedia&parent=1036"}],"curies":[{"name":"wp","href":"https:\/\/api.w.org\/{rel}","templated":true}]}}